(s). Suppose 143 = -v*k + 611. What are the prime factors of k?
2, 3, 13
Let z(i) = -86*i + 22. Let d(u) = 29*u - 7. Let b(o) = -11*d(o) - 4*z(o). What are the prime factors of b(4)?
89
Let h be (-20)/16*(0 - 56). Let v = 131 - h. Suppose -3*y + 75 = -m - v, -3*m - 12 = 0. List the prime factors of y.
2, 11
Let m(g) = g**2 - 22*g + 14. List the prime factors of m(24).
2, 31
Suppose 6*w - 2*x = 8*w, -5*x = w + 16. Suppose -4*a = w*i - 940, 0 = -3*a - 3*i + i + 709. List the prime factors of a.
239
What are the prime factors of (-123)/(-1 - 1 - (-612)/360)?
2, 5, 41
Let q(k) = -k - 4. Let h be q(-4). Let o be (-8 + 4 - h) + 46. List the prime factors of (-1)/(-1*3/o).
2, 7
Let z be -3 - (1 - 2) - 0. Let c be (-1)/z + (-94)/(-4). Suppose c = 8*l - 4*l. What are the prime factors of l?
2, 3
Suppose -9 = 3*m, 4*w + 2*m - 514 = 1132. Suppose 0 = q - 2*q - 4*k + 108, -4*q + 3*k = -w. List the prime factors of q.
2, 13
Let r = -13 + 17. Let s(c) = 3*c - 6. Let j be s(r). Suppose 0 = a + 5*h - 5, -j*a + 67 = -3*a + 2*h. What are the prime factors of a?
5
List the prime factors of (-95754)/(-66) - ((-285)/55 - -5).
1451
Let w(j) = 1764*j**3 + 9*j**2 - 8*j - 2. List the prime factors of w(1).
41, 43
Let b be 552/14*(8 + (-5)/5). Suppose -4*v + d + b = -3*d, v = 3*d + 73. What are the prime factors of v?
67
List the prime factors of ((-434)/8)/(91/92 + -1).
7, 23, 31
Suppose 114 + 256 = f - 4*o, 2*f = -5*o + 740. What are the prime factors of f?
2, 5, 37
Let r(f) = -f**3 - 8*f**2 - 9*f - 5. Let t be 0 - -2 - 99/11. Let c be r(t). List the prime factors of (-27)/(-6)*78/c.
3, 13
Suppose 5*w - 3*w - 80 = -5*v, -2*v - w = -32. Let f be -1*2/4*0. Suppose f = -2*h - 5*a + v, h = 4*h - 5*a - 49. What are the prime factors of h?
13
Suppose -23*k + 4620 = -5914. What are the prime factors of k?
2, 229
Let u be (16/(-10))/(4/10). Let n be (-3 + u - -4) + -15. Let q = n - -80. What are the prime factors of q?
2, 31
Let p = -25 - -25. Let h(a) = -2 - 2*a + p*a + 3*a**2 + 0*a**2 + a. What are the prime factors of h(4)?
2, 3, 7
Let z = 149 - -795. What are the prime factors of z?
2, 59
Let w = -7 - -18. Let c(d) = d**3 - 10*d**2 - 15*d - 10. Let h be c(w). What are the prime factors of 74/14 + h/189?
5
Let f = -1425 - -1735. List the prime factors of f.
2, 5, 31
Suppose -2*b = -5*d + 10, -4*b - 2*d - 2*d = -8. What are the prime factors of 14 + 3 + b - -4?
3, 7
Let o be 2 + (4/12 - 1660/3). Let f = o + 823. What are the prime factors of f?
2, 17
Suppose 5*x = -15, -6 = 2*w + 5*x + 3. Let v = 387 - 250. Suppose -w*c = -2*f + 4*f - 65, -c - v = -5*f. What are the prime factors of f?
2, 7
Suppose 0 = -9*x + 14*x. Suppose 3*g - 2*m + 0*m = 105, 5*g + 3*m - 194 = x. List the prime factors of g.
37
Suppose h + 0*h = 71. Let p(l) = -3*l + 31. Let n be p(-4). Let y = h - n. List the prime factors of y.
2, 7
Suppose 5*h - d - 186 = 0, 4*d - 15 = -h + 39. Suppose -h - 26 = -2*x. List the prime factors of x.
2
Suppose 0 = 56*m - 282342 + 22110. List the prime factors of m.
3, 1549
Suppose -91*o = -81*o - 12540. What are the prime factors of o?
2, 3, 11, 19
Let p(d) = 249*d - 461. List the prime factors of p(16).
13, 271
Suppose o = -z - 514 + 1404, -5*o + 3*z = -4466. What are the prime factors of o?
2, 223
Let i = -1313 + 1860. List the prime factors of i.
547
Let n(l) = -48*l - 30. List the prime factors of n(-16).
2, 3, 41
Let v = 1182 - 839. List the prime factors of v.
7
Suppose 0 = -5*k - 2*v + 181 - 659, -2*v + 462 = -5*k. Let b = -27 - k. What are the prime factors of b?
67
Suppose 13281 = 5*r + 3*l, 4*r - 9877 = -5*l + 740. What are the prime factors of r?
2, 3, 443
Let t(r) = 34*r**2 - 5*r + 4. Suppose -9*b = -12 + 3. List the prime factors of t(b).
3, 11
Suppose 0 = 5*y - 3*p - 2344, -2*y - 460 = -3*y + 5*p. Suppose -62*q + y = -60*q. List the prime factors of q.
5, 47
Let l(f) = 2*f**3 + 6*f**2 + 3*f + 6. Let h be l(-5). Let a = 200 + h. List the prime factors of a.
7, 13
Let g be ((-90)/20)/((-6)/40). What are the prime factors of 5*24*3/g?
2, 3
Let t(d) = 11*d - 8. Let j be t(-2). What are the prime factors of 186 + (-8)/(-10) + (-6)/j?
11, 17
Suppose -x + 3*g = -228, -16*x + g = -18*x + 477. List the prime factors of x.
3, 79
Let t(z) = z**3 - 4*z**2 - 27*z + 12. List the prime factors of t(17).
2, 5, 331
Suppose -2*g + 11 = 5. Suppose 0 = 4*n + g*d - 19, -2*n + 3*n + 2*d - 6 = 0. What are the prime factors of n?
2
Let m = 658 + -458. List the prime factors of m.
2, 5
Suppose 2155 = 3*x - 5*i, -2 = 3*i - 5. List the prime factors of x.
2, 3, 5
Let a(i) = -i**3 + i**2 + i - 1. Let p be a(1). Let m(k) = 2*k + 4. Let n be m(p). List the prime factors of 0/2 - n - -28.
2, 3
Let d be (-2)/(-13) + 441/91. Suppose -5*q = -d - 35. Let s = 15 - q. List the prime factors of s.
7
Suppose -5*y + 18 - 8 = 0. Suppose -2*n + 3*u = -22, -62 = -5*n - 29*u + 33*u. Suppose -n - 18 = -y*k. List the prime factors of k.
2
Let f(k) = 238*k - 7. Let u be f(2). Suppose -2*c + 169 = o, -2*o + 151 = -4*c + u. List the prime factors of c.
2, 41
Suppose 55*q = 101*q - 29762. List the prime factors of q.
647
Let k(t) = t**2 + 8*t - 61. List the prime factors of k(5).
2
Let u be (0 - 16/(-10)) + (-16)/(-40). List the prime factors of -4 + u + 2 - -86.
2, 43
Let v(r) = 31*r**3 - 4*r**2 - 3*r + 11. What are the prime factors of v(3)?
11, 73
Suppose -4*d = -4*v, 0 = -2*v - d + 5*d. Suppose v = 5*i + 4*m - 77, 3*i - m = -i + 70. List the prime factors of i.
17
Suppose 1085 = s - 958. What are the prime factors of s?
3, 227
Let s be (-4)/(-5)*(-105)/6. Let i = 0 + s. Let t = i - -30. List the prime factors of t.
2
Let u = 1526 + -937. What are the prime factors of u?
19, 31
Let o be 784/12 - (8/(-2))/(-12). Let d = o + 215. List the prime factors of d.
2, 5, 7
Suppose 5*g - 35 = -j - 2*j, 0 = 2*g - 4*j - 40. List the prime factors of 1*13 + g/(-5).
11
Suppose 0 = 48*o - 43*o - 9685. What are the prime factors of o?
13, 149
List the prime factors of (-964)/(-2 - -1) + (-72)/18.
2, 3, 5
Let m(h) = -h**2 + 44*h. List the prime factors of m(18).
2, 3, 13
Let n be 2/(-5)*(-255)/(-3). Let z = -34 - n. Suppose z = v + 12 - 67. List the prime factors of v.
5, 11
Suppose 4*a + 3*o = 1861, 2*a - 3*o - 933 = -4*o. What are the prime factors of a?
7, 67
Let q be 0/(0 + (-2)/(-2)) + 40. Let x = 93 + q. What are the prime factors of x?
7, 19
Let k be 2/(-4) + (-15)/(-6). Suppose -2*l - 4*d + d + 12 = 0, -k*l - 8 = -2*d. List the prime factors of 26 + 6/2 + l.
29
Let b(o) = 135*o**3 + o**2 + o. Let s be b(-1). Let c = 107 - s. Suppose -4*k - 6 = -c. List the prime factors of k.
59
Let d(v) = 3*v - 25. Let w be d(9). Suppose -m - 3 = 0, w*h - 5*m - 483 = -2*m. List the prime factors of h.
3, 79
Let i(a) = a**3 - 4*a**2 - 5*a - 6. Let g be i(6). Suppose 0 = 9*b - 352 - 170. Let u = b - g. What are the prime factors of u?
2, 11
Suppose 3*v - 1149 = 111. List the prime factors of v.
2, 3, 5, 7
List the prime factors of (-8 - 1950/(-40))*4.
163
Let w be 2/(-3) - (-57)/(-9). Let b(g) be the first derivative of 2*g**3/3 + 3*g**2 + 17*g - 20. List the prime factors of b(w).
73
List the prime factors of 5*(-155)/(-25)*(24 + -2).
2, 11, 31
Let q = 14 - 17. Let d(z) = z**3 + 2*z**2 - z + 3. Let k be d(q). Let n = k - -16. List the prime factors of n.
13
Suppose d + 7 + 3 = 3*j, 3*j = -3*d + 6. Let b(p) = -20*p - 4. Let w(h) = -59*h - 11. Let u(i) = -8*b(i) + 3*w(i). What are the prime factors of u(d)?
2
Let z(n) be the first derivative of -45*n**2/2 - 4*n + 10. List the prime factors of z(-5).
13, 17
Let b(n) = 12*n**2 - n - 1. Suppose 9*a - 5 = 4*a. What are the prime factors of b(a)?
2, 5
Let g(o) = 7*o**2 + 6*o - 1. Let a(p) = -p**2. Let q(r) = 3*a(r) + g(r). What are the prime factors of q(-5)?
3, 23
What are the prime factors of (3426/7)/(6 + (-240)/42)?
3, 571
Suppose -5*o + p = 68 - 9669, 5758 = 3*o + 2*p. What are the prime factors of o?
2, 3, 5
Let j = -5 - -11. Let o(l) = 23*l + 8. Let w(c) = -11*c - 4. Let q(n) = j*o(n) + 13*w(n). List the prime factors of q(-3).
11
Suppose -4*o = 178 - 2494. Suppose 3*y - 6*t - o = -3*t, 5 = -5*t. What are the prime factors of y?
2, 3
Suppose 3*c - 173 - 7 = 0. Suppose -c = 3*j - 5*j. What are the prime factors of (-112)/(-5) - 12/j?
2, 11
Let u(w) = -w**3 + 3*w**2 - 4*w + 6